 - 5?
2
What is the value of (-2 - -3) + -5 + 6 - -6?
8
What is -1 - ((0 - 3) + (-1 - -3))?
0
What is the value of 3 + 2 + (4 - (-3 + 13))?
-1
Evaluate 2 + 3 + -6 + 2 + 3.
4
What is the value of (0 - 6 - -5) + 5 + -1?
3
What is the value of -5 + -3 + -1 - -4?
-5
What is the value of -7 + (2 - (5 + -5)) + 1?
-4
What is the value of 1 + -5 + 12 + 1?
9
-13 - -3 - (20 + -20)
-10
Evaluate (8 - 1) + 10 + -13.
4
4 + 18 + -28 + 0 + 6
0
What is (0 - 1) + -1 - (9 - 11)?
0
What is the value of (-5 - (-3 + -1)) + 1?
0
Calculate 12 + (-15 - -5) - (-1 + -3).
6
(12 - 10) + -2 + -1
-1
Evaluate 3 + (4 - (-6 - -8)).
5
Evaluate -2 + (-4 + 4 - (6 - 3)).
-5
(15 - 8) + (1 - (-1 - -5))
4
(1 - (-1 - -3)) + 3 + 2
4
Calculate 1 - 9 - (0 - 1) - -3.
-4
3 + 4 + -15 + 0 + 4
-4
What is -1 + 0 + (12 - 4) - 6?
1
Calculate -4 + -3 - (-6 + 1 + 4).
-6
What is -3 + 4 + 5 - 1?
5
What is 3 - 0 - 9 - -1?
-5
What is the value of (1 - -3) + 1 + -9?
-4
What is the value of -1 + (-5 + 3 + -6 - -4)?
-5
What is -2 - (-2 + -2) - 1 - 6?
-5
What is 10 + -12 + 11 + (0 - 4)?
5
Evaluate -4 + 8 - (1 + 0) - 5.
-2
-2 - -3 - ((-14 - -16) + -9)
8
What is the value of (-2 - 3 - 2) + 1?
-6
What is -1 + 1 + (-9 - 0) + 3?
-6
What is (1 - 1) + 3 + -4?
-1
Calculate -1 - ((-4 - -1) + -1 - 4).
7
-2 - (-3 - (-5 - 3) - 3)
-4
Evaluate -4 + -8 + 5 + (3 - -1).
-3
What is 0 - 0 - (-3 + 3 - -2)?
-2
Calculate -1 + 0 - ((-4 - -8) + 0).
-5
10 + -11 + 1 - 0
0
Evaluate -12 - -11 - (3 + 3 - 0).
-7
0 - 0 - (4 + -1 - 0)
-3
What is 12 + -7 + -4 + -4 + 5?
2
Evaluate 8 - 13 - (-6 + 8 + 4).
-11
What is 0 + 8 + (-4 - 19) + 26?
11
Calculate -3 + 3 - 3 - (-7 + 7).
-3
What is the value of 2 + 1 + 1 + (3 - 3)?
4
What is the value of -3 + 2 + -4 + 10 + -8?
-3
What is the value of -13 - (-9 + -3 + 5)?
-6
-2 - (-3 - -5 - 14)
10
Calculate (21 - 23) + 0 + 0.
-2
Evaluate 5 + 5 + -9 + (1 - 1).
1
Calculate (0 - -1) + 2 + -2.
1
Evaluate 0 + 3 + (4 - -5) + -9.
3
Calculate -5 - (-2 - 0) - (187 - 186).
-4
What is -3 - (2 - (4 + -4))?
-5
Calculate 2 + (-6 - (-2 + -3 + 2)).
-1
What is the value of 4 + -5 - (0 - 4)?
3
(-9 + 2 - -5) + -1
-3
What is the value of 8 + (-2 - (0 - -1)) + 0?
5
Calculate -9 + 9 - -13 - 8.
5
Calculate (-6 + 5 + 9 - 2) + -13.
-7
Calculate 2 + (-5 - (-10 - -4)).
3
Calculate 6 - (7 - (-8 + 8)).
-1
What is the value of -2 - -6 - 0 - 8 - -1?
-3
What is the value of -2 + (4 - 4) + 1?
-1
What is -4 + (6 - (5 - (-1 - -5)))?
1
Evaluate 4 + 1 + (5 - 2) + -8.
0
Evaluate 14 - 12 - 8 - (-1 + 4).
-9
Evaluate -3 + 2 + 0 + -1 + 5.
3
What is (-7 + -4 - -9) + 0 + 1?
-1
What is the value of -4 + 5 + -6 + 6?
1
Calculate 21 + -17 + (0 - 4).
0
What is the value of (10 - (-1 - 1 - 0)) + -6?
6
Evaluate -4 + 4 + -1 + 1.
0
Calculate -2 + 2 - 2 - (1 + -1).
-2
(1 - 0) + (0 - 0) + 4
5
Calculate 8 - (1 - (-2 - (-2 - 1))).
8
Evaluate 6 - (1 + 12 + (38 - 44)).
-1
What is 2 - (-2 + 4) - -2?
2
-1 - (12 - 10) - -3
0
What is the value of 3 - (-3 + -4) - 6 - 1?
3
1 - (3 - 0) - (-83 + 84)
-3
7 - (-2 + 4) - (3 - 3)
5
-5 - -2 - (-5 - (5 + -13))
-6
6 - (2 + -1) - 5
0
What is (-8 - -9 - 4) + (2 - 0)?
-1
What is 3 - (9 + -10 - -4)?
0
Calculate 3 + (-1 + 5 - (-23 - -36)).
-6
What is -3 + (16 - 6) + -2?
5
-1 + -10 + 6 - -6
1
What is 6 - 7 - (3 - (5 + -9))?
-8
What is the value of -7 + 9 + -17 + 11?
-4
(4 - -1 - 2) + -7
-4
What is the value of -4 + (-7 - -1 - (-14 - -9))?
-5
(-12 - 5) + 9 + (-3 - -3)
-8
-4 + (-4 - -15) + -6 + -4
-3
What is the value of (10 - 1) + (-62 - -57) - -2?
6
Evaluate -2 + 8 + (-6 - -8 - 7).
1
Calculate -4 + 5 + -7 - -2.
-4
4 - (0 + 4 + 0)
0
What is the value of 2 + (-2 + 3 - -1)?
4
1 - 1 - (17 - (1 - -11))
-5
-3 + -2 - -5 - (1 - 1)
0
Evaluate -10 + 17 - 3 - -4.
8
What is the value of 11 + (-3 - 1) - (-4 + 9)?
2
What is -7 - (-10 + (1 - (-1 + -3)))?
-2
Calculate -8 + (-6 - -9) - -9.
4
What is the value of 1 - -2 - (3 - 2 - -7)?
-5
What is -1 + (-1 + 3 - -2 - 3)?
0
Evaluate 2 + (-2 - -2) - (2 + -3).
3
What is -7 - (-5 + 2) - -8?
4
Calculate 0 + 6 + (2 - (-6 + 14)).
0
Evaluate 3 + 0 - ((-1 - -6) + 1).
-3
2 + 1 + (-5 - -4) + -2
0
What is -7 - ((-6 - -4) + -6 + 6)?
-5
Calculate (-3 - (-8 + 2)) + 1.
4
(-86 - -90) + -6 + 0
-2
-4 + 3 + (6 - 7)
-2
What is (11 - 2) + -4 + -8 + 5?
2
1 + -4 + 1 - -5
3
What is the value of 3 + -4 + 5 - -1?
5
Calculate -1 - -3 - (-1 + 2 - 4).
5
Evaluate 0 + 4 + -2 + -5 + 2.
-1
Calculate 1 - (-4 - -5) - -4 - 2.
2
Calculate -1 + (3 - (-4 - -3) - 6).
-3
Evaluate -1 - -5 - (2 + 0 + 2).
0
Evaluate 9 + -10 - (-6 + 1 - -2).
2
-57 + 46 + (7 + 1 - 2)
-5
What is -1 + 4 + -1 + 2 + -2?
2
Evaluate 2 - (4 + (-3 - -2)) - 0.
-1
Evaluate 0 + (-4 - -3 - 3).
-4
Evaluate (-1 - 4) + -7 + (6 - 2).
-8
What is the value of -6 - ((-1 - -1) + 0)?
-6
-17 + 10 + 7 + -7
-7
Calculate 25 + -21 - (1 - -5) - -7.
5
Evaluate (-4 - (7 - 1)) + 3.
-7
Evaluate -9 + 1 + (5 - (1 - 0)).
-4
What is 7 + (13 + -4 - 10)?
6
Calculate 0 + (2 - -1 - (-6 + 6)).
3
Calculate -3 - (-5 + 2 + -1 + -1).
2
1 - (-4 + 5 + (-1 - -1))
0
Calculate (1 - 2 - -3) + 0.
2
What is the value of 0 + (-3 - -8 - 0)?
5
Calculate -15 + 20 + (-8 + -2 - 4).
-9
Calculate -2 + (-4 + 10 - (7 - -1)).
-4
Calculate (-7 + 9 - -6) + -16.
-8
What is 0 - (7 + (9 - 21))?
5
What is the value of -368 - -372 - (-2 + (2 - -5))?
-1
Evaluate (4 - (6 - 6)) + -2 + -6.
-4
Calculate 1 - (-6 - -11) - (1 - 0).
-5
What is -3 + 0 + (-1 - (-6 - -2))?
0
What is the value of -4 - (1 - 1 - 5)?
1
Calculate 12 + 0 - (5 - 2).
9
5 + -4 + 1 + -3 + 0
-1
Evaluate -2 + 2 + -9 + 11.
2
Calculate -5 - (-8 - -12 - (6 + 0)).
-3
What is (-1 - -13) + 5 + -13?
4
Evaluate 2 - -8 - (-69 - -86).
-7
1 - (4 + -15 + 3 + 4)
5
What is the value of -11 + 11 - (-9 + (-4 - -8))?
5
(-4 + 3 - -2 - -2) + -5
-2
Evaluate -4 - (1 - (-2 + 5 + -3)).
-5
What is the value of -9 + 10 - (2 - 6)?
5
Evaluate (-1 - (10 + -4)) + 3 - -3.
-1
Calculate 3 + 0 + -4 + -1.
-2
(5 - 9 - -7) + (8 - 7)
4
-7 + 0 + 3 + -1
-5
Calculate 5 + -1 - (19 - 16).
1
Evaluate 7 + (-5 - 1) + 6.
7
What is the value of -1 + -2 + -135 + 129?
-9
5 - (6 + (0 - 3))
2
2 + -3 + 1 + 0 + -5
-5
What is the value of (3 - (-1 - -4)) + 0?
0
-2 - (-1 + 0 + -4) - -4
7
Calculate 8 - (3 - 5 - -7).
3
-10 + 2 + 7 + -1
-2
Evaluate (-7 - -3) + (-5 - -7 - 5).
-7
What is the value of (9 - (0 - -8)) + -1 + -2?
-2
What is the value of 6 + (7 - 19) - 0?
-6
Evaluate (-5 - (-1 - 1)) + -11 + 13.
-1
What is -1 + (2 - 4) + 3 + -5?
-5
What is -22 + 19 + -2 + 0?
-5
What is the value of 0 - (5 - 1 - (-1 - -7))?
2
What is the value of 12 + (13 - 22) + -11?
-8
7 + 6 + -6 - 3
4
0 + -7 - (1 + -7 + 1)
-2
-6 - -3 - ((-2 - -2) + -5)
2
Calculate (-9 - -5) + 10 - (-1 - -7).
0
Calculate 6 + -5 + (1 - -1) + -3.
0
What is -7 + (2 - (-2 + 1) - 1)?
-5
(-3 - 3) + 3 + 3 - -3
3
(0 - (-4 + 4)) + -4
-4
What is (-4 - (6 + -2)) + 5?
-3
Evaluate 9 + (-13 - 7 - -9).
-2
What is 0 + -7 + 2 + 1?
-4
What is the value of 12 + (7 - 22 - -8)?
5
What is the value of 4 - ((2 - -2) + (-6 - -7))?
-1
What is (-4 - -5) + 12 + (-1 - 5)?
7
Calculate -3 + -4 + 1 + (-4 - -14).
4
Evaluate 0 + -3 + (3 - (-4 + 7)).
-3
What is -3 + 8 + (-4 - 7)?
-6
Calculate -10 + 12 + (-4 - -7).
5
Calculate 10 - 1 - (-1 - -8).
2
What is 4 + 3 + -2 + -9?
-4
What is 0 - ((3 - -1) + (8 - 11))?
-1
What is the value of (0 - (1 + -2)) + 0?
1
What is (5 - (-9 + 5 - -9)) + -1?
-1
What is 5 + -1 - (-12 - -12 - -7)?
-3
Calculate -1 + -1 - (-1 - 8 - -9).
-2
What is 4 + -1 + 1 + (1 - 6)?
-1
5 + (0 + 4 - 13)
-4
Calculate 1 + 2 - (0 + 5 - 0).
-2
Evaluate (1 - (-3 - -6)) + 0 + 6.
4
What is the value of 3 + (2 + 1 - 4 - -3)?
5
Evaluate (-1 - 4) + 8 + -3.
0
Calculate (-16 + 19 - (1 - -6)) + 3.
-1
What is 0 + (1 - (0 - (-1 - 1)))?
-1
Evaluate (11 - (10 + -4)) + (-1 - 0).
4
What is -5 - (5 + -9 - 9)?
8
0 - (5 + -8) - 2
1
Calculate 3 + -4 + 3 - 1.
1
What is the value of (4 - (-2 + 8)) + 1 + -7?
-8
What is the value of 1 + 2 + -5 + 6?
4
-3 - (8 + -2 + -9 - -2)
-2
Evaluate -6 + (-5 + 1 - -7).
-3
Calculate 3 + (-8 - 3 - -3).
-5
What is the value of (68 - 66) + (-1 - 3)?
-2
Evaluate -2 + 3 + 2 + 2 + -1.
4
Calculate 4 + (-4 - -3) - (3 + -1).
1
What is 10 + (-1 + -5 + 2 - 1)?
5
Calculate 3 + (1 - 5) + -2.
-3
Calculate 14 + -16 + (2 - -2) - 6.
-4
What is the value of (-3 - (-9 - -8)) + -4?
-6
Evaluate 2 + (-1 - (-3 - (4 - 7))).
1
What is 0 + 6 + -2 + 18 + -15?
7
-2 - (0 - (0 + -1))
-3
Evaluate 1 - 3 - (-21